
Let n(f) = -2*f**2 - 12*f - 23. What is n(-4)?
-7
Let a(y) = -y**3 - 3*y**2 - 3*y - 4. Calculate a(-3).
5
Let x(d) = -7*d + 180. Determine x(25).
5
Let w(l) = -l**2 + 9*l - 28. What is w(6)?
-10
Let m(n) = 4*n + 63. What is m(-16)?
-1
Let n(b) = b + 55. Give n(5).
60
Let y(f) = f**3 + 30*f**2 - 33*f - 68. What is y(-31)?
-6
Let c(u) = u**2 + 13*u + 25. Give c(-14).
39
Let u(m) = m**2 - 3*m - 24. Give u(-4).
4
Let k(z) = z**2 + 5*z + 6. What is k(-6)?
12
Let w(n) = -n**3 - 3*n**2 + 12*n + 7. Calculate w(-5).
-3
Let i(j) = -5*j**2 - 38*j + 2. Give i(-6).
50
Let a(f) = -2*f**3 + 23*f**2 - 10*f - 13. Give a(11).
-2
Let t(y) = y**2 - 3*y - 4. Calculate t(-2).
6
Let c(i) = 7*i + 9. Calculate c(-6).
-33
Let r(p) = -p**3 - 13*p**2 + 32*p + 30. Give r(-15).
0
Let o(r) = r**3 + 4*r**2 + 5. Give o(-4).
5
Let b(l) = -l**2 + 7*l - 4. Determine b(8).
-12
Let p(o) = -o**3 + 6*o**2 - 2*o. Calculate p(4).
24
Let f(t) = 39*t**3 + t**2 - t + 1. Calculate f(1).
40
Let v(w) = 2*w**2 - 24*w - 54. What is v(14)?
2
Let n(d) = -d**3 + 6*d**2 + 4*d + 17. Determine n(7).
-4
Let n(c) = -c**2 - 3*c - 5. Calculate n(-2).
-3
Let s(u) = -u**3 - 4*u**2 + 7*u + 6. Determine s(-5).
-4
Let d(c) = c**2 + 44*c + 36. Determine d(-43).
-7
Let h(w) = w**3 - 9*w**2 + 9. Give h(9).
9
Let a(z) = 15*z + 227. Calculate a(-15).
2
Let v(d) = -4*d + 12. Give v(8).
-20
Let j(r) = -13*r + 40. Give j(4).
-12
Let h(o) = o**3 + 3*o**2 - 6*o - 6. What is h(-4)?
2
Let q(t) = t**3 + 6*t**2 - t + 4. Determine q(-6).
10
Let t(u) = -u**2 + 8*u - 6. What is t(8)?
-6
Let g(v) = 2*v**2 - 21*v - 21. Calculate g(11).
-10
Let q(r) = r**2 + 8*r + 8. Give q(-7).
1
Let l(i) = 26*i**2 - 7*i + 4. Give l(2).
94
Let r(c) = -c - 2. Determine r(-5).
3
Let o(c) = c**3 - 16*c**2 - 37*c + 19. Give o(18).
1
Let h(n) = 4*n. What is h(9)?
36
Let u(a) = a**3 - 8*a**2 - 10*a - 7. Determine u(9).
-16
Let r(y) = 2*y + 12. Determine r(-9).
-6
Let h(b) = b**3 - 10*b**2 + b + 14. Determine h(10).
24
Let d(z) = z**2 + 4*z - 10. What is d(-4)?
-10
Let d(o) = -o**2 + 4*o. Determine d(2).
4
Let f(o) = -4*o + 37. Calculate f(9).
1
Let b(y) = -2*y**3 - 9*y**2 + y + 4. What is b(-4)?
-16
Let k(u) = -u**2 + 31*u - 108. Determine k(27).
0
Let v(t) = -t**3 - 12*t**2 - 6*t + 15. Determine v(-12).
87
Let h(j) = 6*j - 92. Give h(15).
-2
Let b(n) = -n**2 + 11*n - 19. Give b(7).
9
Let h(i) = -i**3 - 4*i**2 - 3*i - 5. Determine h(-6).
85
Let r(x) = x**2 + 18*x + 21. Determine r(-12).
-51
Let i(g) = 6*g + 54. What is i(-12)?
-18
Let g(h) = -4*h**2 - 11*h - 15. Determine g(-3).
-18
Let f(q) = -5*q + 7. Calculate f(9).
-38
Let j(n) = n**3 + 6*n**2 + 5*n + 5. Calculate j(-4).
17
Let s(o) = -3*o - 9. Determine s(-8).
15
Let m(d) = -d**2 - 10*d + 127. Calculate m(7).
8
Let l(x) = x**3 + 8*x**2 - 12*x - 12. What is l(-9)?
15
Let l(k) = -k**3 + 3*k**2 + k. Determine l(4).
-12
Let s(i) = -i**3 + 16*i**2 + 4*i - 8. What is s(16)?
56
Let z(c) = c**3 - 8*c**2 + 6*c - 63. What is z(8)?
-15
Let z(y) = -4*y + 3. Calculate z(5).
-17
Let t(x) = x**2 - 5*x - 3. Calculate t(7).
11
Let o(p) = -p**2 + 18*p - 18. Determine o(17).
-1
Let n(z) = -10*z - 73. What is n(-10)?
27
Let c(d) = d**2 - 13*d - 1. Determine c(8).
-41
Let k(w) = -2*w**2 + 2*w - 2. Calculate k(-3).
-26
Let b(m) = 24*m + 2. Give b(2).
50
Let m(h) = h - 32. What is m(0)?
-32
Let g(l) = l**3 + 4*l**2 - 6*l - 2. Determine g(2).
10
Let h(t) = -t + 4. Give h(3).
1
Let d(j) = -j**2 - 17*j + 22. Give d(-17).
22
Let t(x) = x**2 + 3*x - 126. Determine t(-13).
4
Let g(k) = -3*k + 74. Determine g(27).
-7
Let o(m) = m**3 - 7*m**2 - 10*m - 20. Calculate o(8).
-36
Let v(h) = -h**3 - 7*h**2 + h - 9. Give v(-7).
-16
Let d(i) = 2*i**2 - 6*i - 7. Determine d(7).
49
Let m(x) = -11*x**2 + 3*x - 3. Calculate m(1).
-11
Let f(l) = -l**3 + l**2 + 2*l + 4. Determine f(3).
-8
Let q(s) = s**3 - 10*s**2 + 9*s - 15. What is q(7)?
-99
Let s(v) = -2*v - 84. What is s(0)?
-84
Let d(w) = w**2 - 37*w - 155. What is d(42)?
55
Let j(i) = -i - 11. Determine j(-6).
-5
Let m(t) = -t**3 + 6*t**2 - 2*t - 4. Calculate m(5).
11
Let g(b) = -b**3 + 32*b**2 + 35*b - 65. Give g(33).
1
Let p(n) = n**2 - 5*n + 7. Give p(8).
31
Let b(w) = 3*w**2 + 4*w - 1. What is b(-4)?
31
Let g(w) = w**3 - 3*w**2 + 2*w - 1. Determine g(4).
23
Let h(v) = -v**2 + 4*v - 9. Calculate h(6).
-21
Let o(r) = -r**2 + r - 4. What is o(3)?
-10
Let x(u) = -16*u + 97. Give x(6).
1
Let t(k) = -k - 4. Calculate t(-9).
5
Let d(a) = -3*a + 22. Give d(9).
-5
Let s(z) = z**3 + 12*z**2 - 7*z + 19. Give s(-13).
-59
Let h(m) = -55*m + 2. Calculate h(0).
2
Let c(z) = z - 15. What is c(15)?
0
Let k(x) = x**2 - 23*x - 205. Give k(30).
5
Let p(a) = 10*a**2 - 3*a - 4. Calculate p(3).
77
Let i(w) = 2*w**2 - 11*w - 10. Give i(6).
-4
Let j(z) = z**3 - 16*z**2 - 58*z + 12. Give j(19).
-7
Let c(o) = 2*o**3 - o**2 + 4*o + 1. Determine c(-3).
-74
Let v(x) = -x**2 + 11*x. Give v(5).
30
Let z(v) = 2*v**2 + 9*v + 1. Determine z(-3).
-8
Let r(g) = g - 1. Give r(17).
16
Let w(b) = b**3 - 23*b**2 - 50*b + 17. Determine w(25).
17
Let c(s) = -2*s**2 - 50*s - 292. What is c(-10)?
8
Let g(v) = 17*v - 2. Determine g(2).
32
Let t(l) = l**2 + 11*l + 15. What is t(-6)?
-15
Let b(s) = -s**2 + 6*s - 21. What is b(4)?
-13
Let q(c) = 3*c**2 - 102*c + 8. Give q(34).
8
Let o(u) = -2*u**3 - u**2 + u + 1. Give o(-1).
1
Let p(b) = -b**2 + 37*b - 189. What is p(31)?
-3
Let o(h) = h - 11. Determine o(0).
-11
Let w(q) = 5*q + 10. Determine w(6).
40
Let j(k) = -k**3 + k**2 - 2*k + 2. What is j(3)?
-22
Let u(c) = -c**3 - 9*c**2 + 12*c + 13. Give u(-10).
-7
Let n(t) = t**3 + 3*t**2 - 5*t + 4. Calculate n(-4).
8
Let c(o) = o**2 - 11*o - 11. What is c(9)?
-29
Let u(a) = 2*a**3 - 9*a**2 + 2*a - 4. Determine u(4).
-12
Let i(x) = -x**3 - 4*x**2 - 4*x - 4. Calculate i(-5).
41
Let f(b) = -15*b**2 + 106*b + 5. What is f(7)?
12
Let j(s) = 3*s - 22. Calculate j(2).
-16
Let m(l) = 3*l + 9. Calculate m(10).
39
Let m(p) = -2*p**2 - p + 6. Calculate m(2).
-4
Let h(a) = a**3 - 22*a**2 + 20*a - 12. Calculate h(21).
-33
Let m(l) = -29*l**3 - 2*l**2 + l. Calculate m(1).
-30
Let l(d) = d**3 + 9*d**2 + d + 3. What is l(-9)?
-6
Let q(a) = a**2 + 7*a - 4. What is q(-6)?
-10
Let d(h) = 7*h - 293. Determine d(43).
8
Let m(g) = -61*g**2 + 4*g - 3. Calculate m(1).
-60
Let f(c) = c**3 + 11*c**2 - 13*c + 5. Give f(-12).
17
Let a(p) = -p**3 - 15*p**2 + 5*p + 15. Give a(-15).
-60
Let f(y) = -y**2 - 8*y - 2. Give f(-6).
10
Let u(l) = l**3 + 6*l**2 - 7*l + 4. What is u(-7)?
4
Let y(k) = k**2 - 18*k - 4. What is y(18)?
-4
Let r(a) = -a**2 - 4*a + 3. Calculate r(-5).
-2
Let t(a) = 2*a**2 - 44*a - 1. Calculate t(22).
-1
Let g(v) = v**3 + 6*v**2 + 6*v + 15. Determine g(-6).
-21
Let r(n) = -2*n - 1. Determine r(-5).
9
Let m(p) = 6*p**2 + 3*p + 3. Determine m(3).
66
Let l(k) = -k**3 - 4*k**2 + 3*k - 3. What is l(-6)?
51
Let h(k) = -4*k - 19. What is h(-8)?
13
Let w(q) = -2*q + 1. Give w(8).
-15
Let q(l) = -4*l + 56. Calculate q(11).
12
Let x(q) = -q**2 + 8*q. Give x(7).
7
Let d(q) = -q**3 + 20*q**2 - 15*q - 37. Determine d(19).
39
Let g(y) = -y - 17. Give g(-11).
-6
Let q(a) = -a**2 - 4*a + 1. What is q(-6)?
-11
Let b(a) = a**3 - 4*a**2 - 2*a - 2. Calculate b(5).
13
Let s(b) = 4*b - 16. Determine s(5).
4
Let t(h) = -h**3 - 12*h**2 + 9*h - 43. Give t(-13).
9
Let m(d) = d**3 + 11*d**2 + 15*d - 11. Give m(-9).
16
Let b(k) = 6*k**2 - 2*k - 3. What is b(3)?
45
Let y(u) = u**3 + 7*u**2 + 7*u + 7. Determine y(-6).
1
Let b(w) = -w**2 - 12*w - 36. Give b(-5).
-1
Let j(w) = 3*w**2 + 8*w + 49. What is j(-6)?
109
Let l(c) = -c**2 + 20*c - 10. Give l(19).
9
Let s(z) = 2*z**2 - z. What is s(2)?
6
Let n(z) = z**2 + z - 10. What is n(-8)?
46
Let u(m) = 8*m + 9. Calculate u(1).
17
Let o(f) = -6*f**2 + f + 6. What is o(3)?
-45
Let u(n) = 5*n + 17. Give u(-4).
-3
Let s(h) = 2*h**2 + 6*h + 5. Give s(-5).
25
Let b(t) = t**3 - 25*t**2 + 2*t - 43. Give b(25).
7
Let z(a) = -12*a**2 + 35*a + 37. What is z(-1)?
-10
Let l(s) = 2*s**2 - 10*s - 43. Calculate l(-3).
5
Let z(u) = u**2 - u - 4. What is z(-6)?
38
Let j(d) = -3*d**3 + 2*d**2 - 5. Give j(-2).
27
Let f(b) = 5*b - 16. What is f(3)?
-1
Let p(v) = 2*v**3 + 10*v**2 + 3*v + 13. Give p(-5).
-2
Let s(g) = 2*g**2 - 24*g + 75. What is s(9)?
21
Let d(u) = -u**3 - 8*u**2 - 4*u + 22. What is d(-5)?
-33
Let c(r) = -r**2 + 4*r - 1. What i